ase 11, what is 44070 - 22?
44049
In base 9, what is -184 + 13144?
12850
In base 16, what is 3 + 7857?
785a
In base 14, what is 4 + -177a57?
-177a53
In base 7, what is -13502 + 534?
-12635
In base 4, what is 120131122 - -2?
120131130
In base 4, what is -33222 - 1?
-33223
In base 3, what is 2212100120 - 11?
2212100102
In base 9, what is 101502 - -3?
101505
In base 6, what is -112234 - 1253?
-113531
In base 9, what is -24715 - 0?
-24715
In base 8, what is 4077 + -1226?
2651
In base 12, what is 1302 - -125?
1427
In base 9, what is -135165 + -3?
-135168
In base 13, what is 19889c + -4?
198898
In base 3, what is -21 + -2011201121?
-2011201212
In base 7, what is -216 + 1105?
556
In base 2, what is -1010 + -1010111001010?
-1010111010100
In base 9, what is -4 + 55200?
55185
In base 5, what is -2023 - 11?
-2034
In base 13, what is 2b1 + -42?
26c
In base 10, what is -331472 - 0?
-331472
In base 14, what is -a35ad + 7?
-a35a6
In base 10, what is -244 - 7886?
-8130
In base 13, what is -1 + -41c78?
-41c79
In base 8, what is -111770 + -1?
-111771
In base 4, what is -3320232 + -1?
-3320233
In base 8, what is -23 - 27147?
-27172
In base 10, what is 319 + 22?
341
In base 2, what is 111011010011011010010 + -11?
111011010011011001111
In base 14, what is 5324 + -4?
5320
In base 2, what is -11 - 101010111111?
-101011000010
In base 10, what is -1467906 - 4?
-1467910
In base 8, what is 4 - -37306?
37312
In base 16, what is 4 + 64d9?
64dd
In base 6, what is 525 + -525?
0
In base 5, what is 1323011 - 10?
1323001
In base 3, what is -22201000021011 - 0?
-22201000021011
In base 4, what is 32101 + -22112?
3323
In base 15, what is 3 - -3e6c0?
3e6c3
In base 7, what is 10306350 + -1?
10306346
In base 4, what is 3 + 100332012?
100332021
In base 16, what is -3334c - -6?
-33346
In base 15, what is 0 - -53b3b?
53b3b
In base 2, what is 1001100001010010 - 10001?
1001100001000001
In base 5, what is 110300 - 12230?
43020
In base 11, what is -2 - 4730?
-4732
In base 15, what is 4 + 32d17?
32d1b
In base 9, what is -618 + -205?
-824
In base 5, what is -23324 - 133?
-24012
In base 6, what is -103050 - 5?
-103055
In base 16, what is -e + -ea?
-f8
In base 10, what is 10 - 4628?
-4618
In base 2, what is 101011 - 1011011110100?
-1011011001001
In base 13, what is 2743 - 16?
272a
In base 14, what is -820 - 4d6?
-d16
In base 4, what is -210313 - -22?
-210231
In base 15, what is 2596 - 3e6?
21a0
In base 10, what is -13868 - 2?
-13870
In base 6, what is -5022 + -310?
-5332
In base 7, what is -3 + 44416?
44413
In base 12, what is 0 - 51058?
-51058
In base 3, what is -2 + 10012002?
10012000
In base 6, what is 1020 + -22?
554
In base 10, what is 4 + 1060966?
1060970
In base 3, what is -11100 - -11011120?
11000020
In base 7, what is 4 - 311662?
-311655
In base 12, what is -147b - 0?
-147b
In base 6, what is -30 - 300020?
-300050
In base 15, what is 23 + 1105?
1128
In base 16, what is -3 + -1e10?
-1e13
In base 16, what is 9 - -d850?
d859
In base 4, what is -12320013 - 200?
-12320213
In base 3, what is -1 - -200200120221?
200200120220
In base 10, what is 233 - 382?
-149
In base 3, what is 102 + 121101200?
121102002
In base 3, what is 10011212221 + 1?
10011212222
In base 11, what is 0 + -71538?
-71538
In base 9, what is -172552 + -1?
-172553
In base 9, what is -1010 + -2?
-1012
In base 3, what is 22212 + 211012?
1011001
In base 3, what is -20102210100 - -1201?
-20102201122
In base 9, what is 8485 - -5?
8501
In base 13, what is -5 + bb24?
bb1c
In base 9, what is 1 - -8128?
8130
In base 5, what is -13242 + 234?
-13003
In base 14, what is -69 - -1c2?
157
In base 2, what is -1011 + 111000000000?
110111110101
In base 7, what is -1 + -1215323?
-1215324
In base 16, what is 1cbc3 - -5?
1cbc8
In base 3, what is -22002 + -101121000?
-101220002
In base 9, what is -12 + 1172712?
1172700
In base 14, what is -1a154 + -1?
-1a155
In base 9, what is 3473877 + -2?
3473875
In base 2, what is -1000110111 + -10010101001?
-11011100000
In base 9, what is -1718 - 61?
-1780
In base 6, what is 11 + 1014514?
1014525
In base 11, what is 918470 - 2?
918469
In base 5, what is -413330 - -13?
-413312
In base 9, what is 10761 - -77?
10848
In base 2, what is -11 - 101101111101?
-101110000000
In base 15, what is -2589 + -2?
-258b
In base 7, what is -143 - 21614?
-22060
In base 12, what is -3 - a48b?
-a492
In base 3, what is -22102 - -11220?
-10112
In base 7, what is -11605 + -302?
-12210
In base 16, what is -ee43d - 3?
-ee440
In base 5, what is 1012030 - -10?
1012040
In base 12, what is -3 + 25272a?
252727
In base 11, what is -2076a2 - -4?
-207699
In base 12, what is -2302b - -17?
-23014
In base 7, what is 240526 - -4?
240533
In base 10, what is 129 - -11697?
11826
In base 10, what is 1277 - -13?
1290
In base 15, what is -7e + a82?
a03
In base 15, what is cd8 + -b?
ccc
In base 9, what is 1 - 152620?
-152618
In base 10, what is 165 - 7?
158
In base 3, what is -2210120 - -1?
-2210112
In base 5, what is -2143431 - 3?
-2143434
In base 9, what is -55 - -2664?
2608
In base 9, what is -28 + -374?
-413
In base 8, what is -753 + 122?
-631
In base 3, what is -1100212122110 - 12?
-1100212122122
In base 8, what is 717335 + 1?
717336
In base 12, what is 114 - 181?
-69
In base 5, what is 143342 + -331?
143011
In base 4, what is 12231213 + 2?
12231221
In base 4, what is -102 + -32030?
-32132
In base 13, what is -19 + -4334?
-4350
In base 3, what is -20202011 - 1021?
-20210102
In base 4, what is -111213 + -2101?
-113320
In base 2, what is 1000110101 - -10010010?
1011000111
In base 14, what is -1a71 + -6c?
-1add
In base 11, what is -8899 + -5?
-88a3
In base 15, what is ba + 33c?
407
In base 7, what is 6 + 14144?
14153
In base 10, what is -2537588 + 0?
-2537588
In base 5, what is 11111 + -1143?
4413
In base 2, what is 1100000000100111001 + 10000?
1100000000101001001
In base 12, what is 74 + 7?
7b
In base 15, what is 183e0 - -1?
183e1
In base 5, what is 3012 + 13343?
21410
In base 8, what is 114 - 1301?
-1165
In base 4, what is 10 - 213230?
-213220
In base 14, what is -2 + -34c4?
-34c6
In base 5, what is -30 - -2234314?
2234234
In base 11, what is 1371 + 317?
1688
In base 6, what is -2 + -5150?
-5152
In base 16, what is d4 - 122?
-4e
In base 8, what is -17776 - -153?
-17623
In base 16, what is 4 - 467b?
-4677
In base 7, what is 0 + -124006?
-124006
In base 16, what is 1937 + -d?
192a
In base 12, what is 39 + 28a32?
28a6b
In base 13, what is -6919 + 3?
-6916
In base 5, what is -13334 - -1?
-13333
In base 12, what is 0 + 50885?
50885
In base 2, what is -1 - -10101010111?
10101010110
In base 6, what is -550051 + 24?
-550023
In base 13, what is -17757b + -3?
-177581
In base 3, what is 12100100 - -20?
12100120
In base 3, what is 11 - -21102?
21120
In base 14, what is -5 - 1997d?
-19984
In base 7, what is -2 + 111343?
111341
In base 16, what is 23 - -699c?
69bf
In base 9, what is 0 + 321050?
321050
In base 2, what is -101000011 + 1111010101?
1010010010
In base 3, what is -120201120211 + 10?
-120201120201
In base 4, what is 1122 + 3013123?
3020311
In base 8, what is -42032 + -4?
-42036
In base 3, what is -11 - 1201002?
-1201020
In base 16, what is 1 - b04?
-b03
In base 6, what is 2235211 - 31?
2235140
In base 15, what is 34 - 405e?
-402a
In base 7, what is -1301 + 46?
-1222
In base 16, what is -4bc7e - -1?
-4bc7d
In base 10, what is -1864 + -43?
-1907
In base 4, what is 0 + -2322022?
-2322022
In base 4, what is -10202 + -111222?
-122030
In base 2, what is -100011001001011110 - 11?
-100011001001100001
In base 11, what is -3775aa + 3?
-3775a7
In base 14, what is -20b5 - -4?
-20b1
In base 5, what is 3 + 3444102?
3444110
In base 4, what is -11022003 + 0?
-11022003
In base 2, what is -111010110100 - 1001010?
-111011111110
In base 5, what is -102030 - 4?
-102034
In base 12, what is -5a232 + 5?
-5a229
In base 15, what is -108 + 8d?
-6a
In base 8, what is -3 - 43517?
-43522
In base 8, what is -732 - -332?
-400
In base 14, what is 57c + -148?
434
In base 14, what is -9755 - -1d?
-9736
In base 14, what is -1db + -101?
-2dc
In base 12, what is 1ba6b + 1?
1ba70
In base 11, what is 0 + 8727?
8727
In base 15, what is -304 - -143?
-1b1
In base 9, what is -23345 + -5?
-23351
In base 2, what is 1010 + -1001001000110111?
-1001001000101101
In base 12, what is 3bb + -22?
399
I